 ((-4)/(-14) - 23/7) + 135. Suppose 4*i - 2*o = -b, -5*i - 99 = -2*i + o. What is the units digit of 4/(-22) + (-3 - 3174/i)?
3
Let t be (3672/42)/(4/(-42)). Let o = t - -636. Let h = -157 - o. What is the units digit of h?
5
Let l = 33 - 27. Let v(m) = 3*m**2 - 23*m - 33 + 2*m**2 + 33*m - 15*m. What is the units digit of v(l)?
7
Let c = 200983 + -137352. What is the hundreds digit of c?
6
Suppose -2452*p + 2451*p = -8068. What is the units digit of p?
8
Let c = -7 - -7. Suppose 0 = -2*t + 2*q - 12, c = -4*t + 4*q - 2*q - 16. Let r = t + 60. What is the units digit of r?
8
Suppose 20*s - 19*s - 390 = 0. Let a be (-3)/6 - (-2)/(8/s). Let k = a - -59. What is the units digit of k?
6
Let g(b) = b**3 - 6*b**2 + 11*b - 2. Let j be g(5). Suppose 5*c + 3*w - j = 0, 3*w + w = -5*c + 24. Suppose 7*y = c*y - 108. What is the units digit of y?
8
Let g = 37546 - 5281. What is the thousands digit of g?
2
Let h be -1 + 1 + (604 - -5) + 2. Suppose 3*m - 5*m + 10 = 0, -4*m = 3*j - h. What is the tens digit of j?
9
Let r(y) = y**3 - 13*y**2 + 9*y + 37. Let t be r(12). What is the hundreds digit of (-1 + (-1 - t))/((-31)/16554)?
6
Let w(i) = 18*i + 102. Let a be w(-17). What is the hundreds digit of 38/95 - a/(-10)*-29?
5
Let i(g) = -647*g + 102. What is the units digit of i(-43)?
3
Let b(t) = -811*t**3 + 4*t**2 - 5*t - 19. What is the units digit of b(-2)?
5
Let q(m) be the third derivative of -15*m**4/8 + 7*m**3/6 - 16*m**2. Let f be q(8). Let p = -219 - f. What is the units digit of p?
4
Let r be 11 - -8*9/(-72). Suppose r*a = 326 + 2024. What is the hundreds digit of a?
2
Let f be 630/39 - (2/(-13))/(-1). Let g = f - 17. What is the units digit of g + -3 + 28 - 4?
0
Let x = -571 - -8439. What is the tens digit of x?
6
Suppose 4*x - 31 = -19. Suppose -2*b + 841 = n, -b = 4*b - x*n - 2119. What is the hundreds digit of b?
4
Let x(v) be the third derivative of v**5/5 - 91*v**4/24 + 31*v**3/6 + 251*v**2. What is the thousands digit of x(15)?
1
Let z = 2222 - 6030. What is the units digit of (z/(-51))/(1/9)?
2
Let p be ((-8)/(-18))/((-24)/(-108)). Suppose 4*t - 5*j = 1684, 5*t - 3*t + p*j - 860 = 0. What is the units digit of t?
6
Suppose -23*j + 19*j + 1552 = 0. Let g = 911 - j. What is the tens digit of g?
2
Let a = 165 - 43. Let l be (a + -4)/((0 - 0) + 1). Let n = 214 - l. What is the tens digit of n?
9
Suppose -29 = -3*l + 10. Suppose -61 = -6*w - l. What is the units digit of (67 + w)/(2 + -1)?
5
Suppose -4 = -10*h + 9*h. Let m be 2/(h - 90/25). Suppose q = m*q - 208. What is the tens digit of q?
5
Let i = -39 + 20. Let v = -28 - i. What is the units digit of 6/v - 68/(-12)?
5
Suppose -9*m + 27 = 9. Suppose -4*k + 201 = -x + 6, -x = -m*k + 187. Let a = -15 - x. What is the hundreds digit of a?
1
Let u(h) = -3*h**3 + 6*h**2 + 13*h + 48. Let f = 707 + -713. What is the units digit of u(f)?
4
Let j = 78 - -5110. What is the thousands digit of j?
5
Let u(x) = x + 10. Let g be u(-8). Suppose -6*k + 7 = -g*k - 5*z, -55 = -5*k - 3*z. Let m(b) = 18*b + 25. What is the tens digit of m(k)?
6
What is the thousands digit of 3*70/30*255?
1
Suppose -7 = -19*s + 15*s - 3*h, 3*s = -3*h + 3. Suppose 0 = 2*b - r - 1362, -s*b + 5*b - 663 = -4*r. What is the units digit of b?
9
Suppose 2*h = -2*s - 6, 2*s = s + 1. What is the hundreds digit of 16/h - 0 - -277?
2
Suppose 376*f = 349*f + 320112. What is the hundreds digit of f?
8
Let g = -28 - -48. Let y(p) = p**2 - 14*p + 75. Let u be y(4). What is the tens digit of (-7)/(u/g) - -108?
0
Let n(p) = 7*p**2 - 91*p + 913. What is the tens digit of n(53)?
5
Let g = -15031 + 25861. What is the ten thousands digit of g?
1
Suppose 3*c + 3326 - 12400 = x, 5*x + 3006 = c. Suppose 0 = -5*y - 3*f + c, -26 = -2*f - 22. What is the tens digit of y?
0
What is the tens digit of (28/(-84))/((-1)/55275)?
2
Let d = -37877 - -56290. What is the hundreds digit of d?
4
Let x = 491 + -235. Suppose 4*r - x = 424. What is the units digit of 4*(-1)/2 + r + 2?
0
Suppose -1415*l + 1350*l + 1367405 = 0. What is the hundreds digit of l?
0
Let v = -363 - -713. Let m = 445 - v. What is the tens digit of m?
9
Let i(x) = -17*x**2 - 632*x - 22. What is the tens digit of i(-12)?
1
Let p be (1098/(-21))/(4/(-28)). Let s = p + -341. What is the units digit of s?
5
What is the thousands digit of -37 - -45 - (1811*-9 - 2)?
6
Suppose 2631 = 4*j - b, -4*b + 4027 - 733 = 5*j. Suppose 2*a + 736 = 4522. Suppose a - j = 5*w. What is the units digit of w?
7
Suppose 13*d + 21*d = 3533450. Suppose d = 58*z + 8921. What is the thousands digit of z?
1
What is the tens digit of 28224 + 5 + 33/11?
3
Let s(t) = -t + 10. Let z be s(7). Let g(y) = 25*y**2 + 10*y - 18. What is the tens digit of g(z)?
3
Suppose 18 = 6*v - 15*v. Let d be (-60)/75*(-1 - (-3)/v). What is the units digit of 2/(d + 0)*(-22)/(-2)?
1
Let w = -84 - -172. Suppose 0 = -2*o + 2*h + w, 2*o + 0*h = -5*h + 116. What is the units digit of o?
8
Let j be 2/(5 - (-1701)/(-339)). Let v = j - -107. Let m(p) = 4*p**2 - 4*p - 19. What is the units digit of m(v)?
9
Let n = -111 - -70. Let i = -27 - n. Suppose 0 = i*h - 16*h + 144. What is the units digit of h?
2
Let d(x) = x + 303. Suppose 0 = 10*u - 8*u. Let n be d(u). Let z = 455 - n. What is the hundreds digit of z?
1
Suppose -86*k + 85*k + 3 = 0. Suppose 0 = 3*f - 2*h - 420 - 98, -k*f + h + 520 = 0. What is the units digit of f?
4
Let o = 6731 - 4638. What is the tens digit of o?
9
Suppose -3*n + 2*q + 49 = 0, -5*n + 51 = -2*n - 3*q. Suppose -n - 66 = -t. What is the tens digit of t?
8
Let q(k) be the second derivative of -k**5/10 - 5*k**4/6 - 4*k**3/3 - k**2 - k + 8. What is the hundreds digit of q(-6)?
1
Suppose -1164*k + 2878464 = -1100*k. What is the thousands digit of k?
4
Let q = -29382 - -41590. What is the ten thousands digit of q?
1
Suppose -t + 25 = 5*j, 4 = t - j + 3. Suppose t*w - 7086 = -w. What is the hundreds digit of w?
1
What is the hundreds digit of (-2 + 0)*((13 - 3817) + 12)?
5
Suppose 0*b = 2*b - 4*h - 16074, 2*b - h = 16086. What is the units digit of b?
5
Suppose 4*f - 48449 - 24451 = 0. Let b = f - 33737. What is the tens digit of b/(-210) - 4/(-30)?
7
Let n(r) = 2*r + 8. Let p be n(-15). Let w = p + 78. Suppose 5*g = 3*g + w. What is the units digit of g?
8
Let z = 26442 + 164. What is the thousands digit of z?
6
Let x = 184 + -184. Suppose 0 = -12*q - x*q + 1608. What is the hundreds digit of q?
1
Suppose -715 = -6*q + 815. Let l = -387 + q. What is the units digit of l*(-5 - 45/(-10))?
6
Suppose 111*f = -16*f + 4*f + 1964433. What is the ten thousands digit of f?
1
Let j(p) = 362*p**2 + 25*p - 27. What is the units digit of j(2)?
1
Suppose h = 445 - 7. Suppose 4*z = 5*q + 4327, 1657 + 507 = 2*z - 2*q. Suppose -4*w - h = 2*d - 4*d, -5*d = 2*w - z. What is the tens digit of d?
1
Let r(g) = -4 + g**3 + 6*g**2 - 16 - 8*g**2 - 2*g**3 + 2*g. What is the units digit of r(-6)?
2
Suppose -24 = -2*i - 20. Suppose 2*n + 4 = 5*x, x + i*n - 4 = 4. What is the tens digit of x/3*((-235)/(-10) - -2)?
1
What is the thousands digit of (3003*1)/(6 - 837/144)?
6
Let d be ((-1)/4)/(25/(-300)). Suppose 6*l - 2*l = -3*b - 5406, -d*b - 5400 = 2*l. What is the units digit of ((-1)/(-2))/((-31)/b)?
9
Let u = 15771 + 5476. What is the ten thousands digit of u?
2
Let o = 606 - -858. What is the hundreds digit of o?
4
Let m be (-6 - ((-70)/21 - 6)) + 4/6. Let t(z) = 4 - 4*z**2 - z - 3 + 8*z**2. What is the tens digit of t(m)?
6
What is the tens digit of 3/((-3)/(-25))*(88308/55 + 10)?
9
Let w(f) = 8*f + 81. Suppose -36 = -4*c + 3*b, -24 = -2*c + 4*b - b. What is the tens digit of w(c)?
2
Let o be 3/1 + (-2)/(-1)*193. Suppose w + 5*f + 66 = -7, 0 = 5*w + f + o. Let m = 148 + w. What is the units digit of m?
0
Let r(q) = q**3 + 19*q**2 + 18*q + 5. Let g be r(-18). Suppose -3*k + 747 = g*d, 3*d + 4*k = 291 + 166. Let n = d - 77. What is the tens digit of n?
7
Let h be 2 - 15*5*-38. What is the units digit of h/8 - 7/14?
6
Let n(r) = -933*r + 31. Let l be n(-7). Suppose 0 = -21*h + 38*h - l. What is the units digit of h?
6
Suppose 45*b - 6 = 42*b. What is the tens digit of (5/20*-83)/(b/(-128))?
2
Let f be -5*(-4)/6*24/(-20). Let u be (-2)/(-8) + ((-4497)/(-12) - f). Let s = 541 - u. What is the hundreds digit of s?
1
Let p = -19 - -17. Let m be ((-4)/p - -19) + -3. Wha